hat is a(7)?
-28
Let q(d) = -d**2 - d. Determine q(0).
0
Let l(n) = -2*n**3 + 13*n**2 - 10*n - 4. Calculate l(5).
21
Let f(a) = -8*a + 130. Calculate f(16).
2
Let c(n) = -n**2 - 3*n - 4. Give c(-2).
-2
Let u(r) = -r**3 + 1. Give u(-2).
9
Let h(r) = -6*r - 33. Calculate h(-4).
-9
Let r(m) = 3*m + 5. Calculate r(12).
41
Let t(f) = f**3 - 10*f**2 + 4*f - 1. Calculate t(9).
-46
Let u(c) = -22*c + 64. Give u(6).
-68
Let p(z) = -6*z + 48. Determine p(8).
0
Let x(g) = -g**3 - g**2 - 5. Give x(0).
-5
Let t(x) = 38*x**2 + x. Give t(-1).
37
Let j(p) = p**2 - 24. Calculate j(-5).
1
Let m(x) = -x + 21. Determine m(12).
9
Let l(j) = -j**3 - 2*j**2 - j + 2. Give l(-2).
4
Let s(p) = 3*p**3 + 7*p**2 + 9*p + 5. Determine s(-2).
-9
Let h(r) = -13*r + 368. Calculate h(28).
4
Let y(b) = b + 22. What is y(-7)?
15
Let z(k) = 2*k**2 - 4. Give z(-2).
4
Let z(y) = y**3 + 8*y**2 + 2*y + 1. Give z(-7).
36
Let c(x) = -2*x**3 - 2*x**2 - x. Calculate c(-1).
1
Let a(y) = y**2 + 8*y - 5. What is a(-9)?
4
Let r(y) = -y**2 - 10*y + 38. Calculate r(-13).
-1
Let t(l) = l**2 - 10*l - 6. What is t(5)?
-31
Let i(g) = -3*g + 14. What is i(10)?
-16
Let y(r) = -2*r**3 + 11*r**2 - 11*r - 1. Calculate y(4).
3
Let l(v) = 3*v**2 + 135*v - 142. What is l(-46)?
-4
Let h(f) = f**2 + 2. What is h(-1)?
3
Let o(z) = -4*z**2 - 3*z + 2. What is o(1)?
-5
Let z(h) = 17*h - 31. Determine z(2).
3
Let z(w) = w**3 - 7*w**2 - 7*w - 2. What is z(7)?
-51
Let o(k) = 3*k**2 - 9*k + 8. Calculate o(5).
38
Let y(h) = h**3 + 2*h**2 - 5*h - 12. Give y(-2).
-2
Let s(v) = -v**3 - 28*v**2 + 28*v - 18. Give s(-29).
11
Let h(r) = -r**3 - 4*r**2 + 8*r + 12. What is h(-5)?
-3
Let m(s) = -4*s**2 - 160*s + 4. Determine m(-40).
4
Let t(s) = s**2 + 3*s - 37. Calculate t(-7).
-9
Let q(r) = 3*r + 18. Determine q(-8).
-6
Let i(s) = -s**3 + 6*s**2 + 10*s + 3. What is i(8)?
-45
Let q(x) = 12*x - 4. Calculate q(3).
32
Let x(h) = -h**3 - 6*h**2 - 4*h. Give x(-5).
-5
Let b(a) = 7*a**2 - 2*a - 3. Give b(-2).
29
Let h(r) = 3*r**2 + 12*r - 7. Calculate h(-5).
8
Let a(c) = 9*c - 90. Calculate a(9).
-9
Let w(k) = k**3 + 6*k**2 + 6*k + 1. Determine w(-1).
0
Let j(b) = 2*b**3 + 7*b**2 - 6*b - 9. Give j(-4).
-1
Let i(l) = 3*l + 40. What is i(-18)?
-14
Let p(u) = -2*u**2 + u. Determine p(3).
-15
Let v(i) = -i - 7. Calculate v(-8).
1
Let x(h) = -2*h + 30. Calculate x(20).
-10
Let u(x) = -x**2 - 6*x - 10. Give u(-7).
-17
Let t(m) = -m**2 - 8*m - 3. What is t(-7)?
4
Let t(l) = l**2 + l + 3. Calculate t(-2).
5
Let z(t) = -t**2 + 24*t - 36. Give z(22).
8
Let j(w) = w**2 - 16*w + 32. Determine j(14).
4
Let a(w) = 6*w - 3. Calculate a(-8).
-51
Let m(a) = a + 5. What is m(-2)?
3
Let f(y) = -6*y**2 - 28*y + 16. What is f(-5)?
6
Let q(h) = -h**2 + 21*h - 33. Determine q(19).
5
Let u(k) = -4*k**3 - 2*k**2 + 1. Calculate u(-2).
25
Let u(g) = g**2 - g - 3. Determine u(-3).
9
Let h(r) = r**2 + 3*r - 6. Determine h(-6).
12
Let z(v) = -v**2 + v + 2. Calculate z(-6).
-40
Let s(w) = -w**3 - 6*w**2 + 13*w - 8. What is s(2)?
-14
Let r(k) = k + 3. Determine r(32).
35
Let g(h) = -8*h + 83. Determine g(8).
19
Let j(y) = 2*y**3 - 2*y**2 + 3*y - 2. Give j(2).
12
Let w(v) = v**3 - 10*v**2 + 3*v - 6. What is w(9)?
-60
Let f(l) = -3*l**2 - 25*l + 1. What is f(-8)?
9
Let q(o) = -o**2 + 4*o + 18. Give q(8).
-14
Let i(y) = -7*y + 79. Determine i(10).
9
Let n(d) = 2*d**2 + 33*d - 41. Determine n(-18).
13
Let g(q) = -q**2 + 5*q - 6. What is g(7)?
-20
Let t(c) = c**3 - 7*c**2 + 13*c - 17. Calculate t(6).
25
Let x(v) = -v**3 + 9*v**2 - 11*v + 29. Determine x(8).
5
Let i(p) = -p**2 - 11*p + 119. Give i(7).
-7
Let c(z) = -2*z**2 + 7*z + 9. What is c(7)?
-40
Let m(w) = 3*w**2 + 5*w + 10. Calculate m(-2).
12
Let p(y) = 69*y**2 - 2. Give p(1).
67
Let l(r) = -r**3 - 4*r**2 - 3*r. Calculate l(-2).
-2
Let v(o) = o**3 - 14*o**2 + 14*o - 9. Give v(13).
4
Let i(v) = v**2 - 30*v + 122. Calculate i(25).
-3
Let x(o) = 7*o + 7. Give x(-3).
-14
Let v(p) = p**2 - 17*p - 1. Determine v(16).
-17
Let h(a) = -a**3 + 4*a**2 + 8*a - 6. Calculate h(6).
-30
Let p(j) = -3*j**2 - 5*j + 5. What is p(1)?
-3
Let a(y) = y**3 - 13*y**2 - 11*y - 38. Calculate a(14).
4
Let f(u) = -u**2 - 7*u + 4. Give f(6).
-74
Let y(p) = 4*p - 39. Give y(11).
5
Let u(k) = -k**3 - 6*k**2 - 6*k - 6. Give u(-4).
-14
Let u(g) = -g**2 - 8*g - 10. Determine u(-6).
2
Let j(z) = 3*z**2 - 18*z - 16. Determine j(7).
5
Let w(a) = 3*a**2 + 6*a - 6. What is w(3)?
39
Let u(c) = -29*c - 23. Determine u(-1).
6
Let s(a) = 2*a**2 + 74*a - 143. Calculate s(-39).
13
Let r(s) = -11*s - 86. What is r(-8)?
2
Let b(n) = 18*n**2 - n. Determine b(-1).
19
Let z(g) = -g**3 + 3*g**2 + 10*g - 17. What is z(5)?
-17
Let r(h) = -2*h**2 + 37*h - 17. Calculate r(16).
63
Let m(v) = v**2 - 11*v + 11. Calculate m(7).
-17
Let g(y) = 8*y**2 + 4*y - 3. Give g(1).
9
Let m(d) = d**3 + 6*d**2 + 5*d - 5. What is m(-4)?
7
Let h(g) = 4*g - 7. What is h(9)?
29
Let u(l) = -19*l + 2. Calculate u(-3).
59
Let r(v) = -99*v - 387. Give r(-4).
9
Let g(f) = 2*f**3 - 20*f**2 + 17*f + 19. Give g(9).
10
Let h(w) = -w**2 + 7*w + 44. Give h(11).
0
Let g(f) = 4*f + 3. Calculate g(-4).
-13
Let s(w) = -w**2 + 5*w - 7. Give s(2).
-1
Let i(k) = -k**3 - 6*k**2 + k + 8. Determine i(-6).
2
Let y(n) = 9*n - 65. What is y(6)?
-11
Let z(m) = 3*m**2 - 93*m - 193. Determine z(33).
5
Let s(j) = -3*j**2 - 54*j + 7. Give s(-18).
7
Let p(t) = t**3 + 28*t**2 + 27*t + 2. What is p(-27)?
2
Let g(x) = x**3 + 9*x**2 + 10*x - 3. What is g(-8)?
-19
Let a(u) = u - 8. Determine a(5).
-3
Let k(y) = -7*y - 71. What is k(-11)?
6
Let c(n) = -n**2 - 11*n - 9. What is c(-10)?
1
Let c(k) = k + 23. What is c(-15)?
8
Let u(b) = -b**3 - b**2 - b - 48. What is u(0)?
-48
Let w(m) = m**2 + 10*m + 7. Determine w(-9).
-2
Let q(v) = v**3 - 4*v**2 + 3*v - 3. Calculate q(3).
-3
Let a(y) = -y**3 + 4*y**2 + 10*y + 7. Determine a(-2).
11
Let j(x) = -29*x - 642. Determine j(-22).
-4
Let g(o) = 52*o + 1. Calculate g(-1).
-51
Let y(b) = -16*b - 19. Give y(6).
-115
Let c(t) = -20*t**3 + 2*t + 1. Determine c(-1).
19
Let p(g) = -6*g + 11. Calculate p(8).
-37
Let c(y) = 13*y - 34. Give c(3).
5
Let w(r) = r**2 - 2*r - 13. Calculate w(4).
-5
Let s(d) = d**2 - 12*d + 29. Give s(6).
-7
Let v(l) = -4*l**2 + 15*l + 8. What is v(4)?
4
Let m(b) = b**3 - 9*b**2 + 16*b - 4. Determine m(5).
-24
Let l(k) = -4*k**3 + 2*k**2 - 1. Give l(1).
-3
Let p(n) = n**2 - 7*n + 3. Give p(6).
-3
Let d(y) = -12*y - 55. Give d(-5).
5
Let r(j) = -2*j**2 + 7*j. Calculate r(6).
-30
Let l(n) = -14*n + 310. Give l(23).
-12
Let o(v) = -5*v - 23. Calculate o(10).
-73
Let z(h) = 18*h + 79. Give z(-6).
-29
Let p(j) = -j**2 + 14*j + 1. Give p(6).
49
Let q(c) = c**2 - 17*c + 38. Determine q(12).
-22
Let m(j) = j**3 - 9*j**2 - 5*j - 21. Give m(10).
29
Let f(p) = -p**2 + 5*p + 29. Give f(6).
23
Let f(t) = t**2 + 9*t - 41. Give f(-10).
-31
Let s(w) = -w**2 - 36*w - 126. Calculate s(-32).
2
Let h(s) = -s**3 + 8*s**2 - 10*s + 17. Give h(7).
-4
Let v(s) = s**3 + 6*s**2 + 3*s - 12. Give v(-6).
-30
Let q(r) = 2*r - 45. Give q(11).
-23
Let y(c) = c + 13. Give y(0).
13
Let d(a) = a**2 - 3. What is d(4)?
13
Let z(o) = o**3 - 4*o**2 - 3*o - 16. Determine z(0).
-16
Let a(w) = -w**2 + 14*w - 35. What is a(11)?
-2
Let p(z) = -z**3 + 8*z**2 + 12*z - 37. Determine p(9).
-10
Let r(g) = -3*g**3 - 6*g**2 + 6*g - 1. What is r(1)?
-4
Let y(z) = z**2 - 6*z + 4. Give y(4).
-4
Let r(p) = -2*p**3 + 55*p**2 - 126*p + 24. Determine r(25).
-1
Let d(m) = m**3 + 5*m**2 - 2*m + 8. Determine d(-5).
18
Let v(k) = k**3 - 16*k - 6. Determine v(4).
-6
Let x(h) = 3*h**2 - 34*h + 8. Calculate x(11).
-3
Let b(n) = 4*n**2 - 2*n + 4. Determine b(1).
6
Let i(r) = -r**2 + r + 5. What is i(0)?
5
Let q(o) = -o**3 - 2*o**2 + o + 4. Calculate q(-2).
2
Let y(f) = f**3 + 7*f**2 - f + 6. What is y(-8)?
-50
Let r(m) = m**2 - 5*m - 4. Give r(5).
-4
Let w(s) = 12*s + 34. Give w(-15).
-146
Let v(s) = s + 7. Calculate v(-13).
-6
Let i(z) = -29*z**3 + z. Determine i(1).
-28
Let g(j) = -3*j**2 - 42*j - 12. What is g(-13)?
27
Let y(v) = 11*v. Calculate y(-2).
-22
Let r(s) = -s**3 - 8*s**2 - 10*s - 8. What is r(-6)?
-20
Let z(r) = 3*r**2 + 23*r + 15. Give z(-7).
1
Let u(w) = w**2 - 15*w + 43. Calculate u(12).
7
Let d(o) = -3*o - 5. Determine d(-7).
16
Let l(z) = -z**3 - 17*z**2 - 18*z + 3. Calculate l(-16).
35
Let i(a) = a**2 -